{"id":10,"date":"2024-11-04T13:24:37","date_gmt":"2024-11-04T13:24:37","guid":{"rendered":"https:\/\/elbmonteure-industrie.de\/?page_id=10"},"modified":"2025-01-16T10:50:22","modified_gmt":"2025-01-16T09:50:22","slug":"karriere","status":"publish","type":"page","link":"https:\/\/elbmonteure-industrie.de\/index.php\/karriere\/","title":{"rendered":"Karriere"},"content":{"rendered":"\t\t<div data-elementor-type=\"wp-post\" data-elementor-id=\"10\" class=\"elementor elementor-10\" data-elementor-post-type=\"page\">\n\t\t\t\t<div class=\"elementor-element elementor-element-55fb3e4 e-con-full e-flex e-con e-parent\" data-id=\"55fb3e4\" data-element_type=\"container\" data-e-type=\"container\" data-settings=\"{&quot;background_background&quot;:&quot;classic&quot;,&quot;shape_divider_bottom&quot;:&quot;tilt&quot;}\">\n\t\t\t\t<div class=\"elementor-shape elementor-shape-bottom\" aria-hidden=\"true\" data-negative=\"false\">\n\t\t\t<svg xmlns=\"http:\/\/www.w3.org\/2000\/svg\" viewBox=\"0 0 1000 100\" preserveAspectRatio=\"none\">\n\t<path class=\"elementor-shape-fill\" d=\"M0,6V0h1000v100L0,6z\"\/>\n<\/svg>\t\t<\/div>\n\t\t\t\t<div class=\"elementor-element elementor-element-87c7340 elementor-widget elementor-widget-heading\" data-id=\"87c7340\" data-element_type=\"widget\" data-e-type=\"widget\" data-settings=\"{&quot;_animation&quot;:&quot;none&quot;}\" data-widget_type=\"heading.default\">\n\t\t\t\t<div class=\"elementor-widget-container\">\n\t\t\t\t\t<h6 class=\"elementor-heading-title elementor-size-default\">Elbmonteure Industrie <\/h6>\t\t\t\t<\/div>\n\t\t\t\t<\/div>\n\t\t\t\t<div class=\"elementor-element elementor-element-08ec4ce elementor-widget elementor-widget-heading\" data-id=\"08ec4ce\" data-element_type=\"widget\" data-e-type=\"widget\" data-widget_type=\"heading.default\">\n\t\t\t\t<div class=\"elementor-widget-container\">\n\t\t\t\t\t<h1 class=\"elementor-heading-title elementor-size-default\">Gestalte deine Zukunft mit uns<\/h1>\t\t\t\t<\/div>\n\t\t\t\t<\/div>\n\t\t\t\t<div class=\"elementor-element elementor-element-32c95727 elementor-widget elementor-widget-heading\" data-id=\"32c95727\" data-element_type=\"widget\" data-e-type=\"widget\" data-widget_type=\"heading.default\">\n\t\t\t\t<div class=\"elementor-widget-container\">\n\t\t\t\t\t<h6 class=\"elementor-heading-title elementor-size-default\">Spannende Karrierem\u00f6glichkeiten in Elektrotechnik,\nMaschinenbau &amp; Installationstechnik<\/h6>\t\t\t\t<\/div>\n\t\t\t\t<\/div>\n\t\t\t\t<\/div>\n\t\t<div class=\"elementor-element elementor-element-0181e4f e-flex e-con-boxed e-con e-parent\" data-id=\"0181e4f\" data-element_type=\"container\" data-e-type=\"container\" data-settings=\"{&quot;background_background&quot;:&quot;classic&quot;}\">\n\t\t\t\t\t<div class=\"e-con-inner\">\n\t\t<div class=\"elementor-element elementor-element-2022fea e-con-full e-flex e-con e-child\" data-id=\"2022fea\" data-element_type=\"container\" data-e-type=\"container\">\n\t\t\t\t<div class=\"elementor-element elementor-element-29ee8ce elementor-widget elementor-widget-heading\" data-id=\"29ee8ce\" data-element_type=\"widget\" data-e-type=\"widget\" data-widget_type=\"heading.default\">\n\t\t\t\t<div class=\"elementor-widget-container\">\n\t\t\t\t\t<h2 class=\"elementor-heading-title elementor-size-default\">Aktuelle Stellenangebote<\/h2>\t\t\t\t<\/div>\n\t\t\t\t<\/div>\n\t\t\t\t<div class=\"elementor-element elementor-element-cd7e26a elementor-widget elementor-widget-heading\" data-id=\"cd7e26a\" data-element_type=\"widget\" data-e-type=\"widget\" data-widget_type=\"heading.default\">\n\t\t\t\t<div class=\"elementor-widget-container\">\n\t\t\t\t\t<h2 class=\"elementor-heading-title elementor-size-default\">Werde Teil unseres Expertenteams<\/h2>\t\t\t\t<\/div>\n\t\t\t\t<\/div>\n\t\t<div class=\"elementor-element elementor-element-92ba651 e-con-full e-flex e-con e-child\" data-id=\"92ba651\" data-element_type=\"container\" data-e-type=\"container\">\n\t\t<div class=\"elementor-element elementor-element-4601a13 e-grid e-con-full e-con e-child\" data-id=\"4601a13\" data-element_type=\"container\" data-e-type=\"container\">\n\t\t\t\t<div class=\"elementor-element elementor-element-2aa97e6 elementor-widget elementor-widget-image\" data-id=\"2aa97e6\" data-element_type=\"widget\" data-e-type=\"widget\" data-widget_type=\"image.default\">\n\t\t\t\t<div class=\"elementor-widget-container\">\n\t\t\t\t\t\t\t\t\t\t\t\t\t\t\t<img fetchpriority=\"high\" decoding=\"async\" width=\"800\" height=\"508\" src=\"https:\/\/elbmonteure-industrie.de\/wp-content\/uploads\/2024\/12\/EMS-Industrie_Elektrotechnik-1024x650.jpg\" class=\"attachment-large size-large wp-image-375\" alt=\"\" srcset=\"https:\/\/elbmonteure-industrie.de\/wp-content\/uploads\/2024\/12\/EMS-Industrie_Elektrotechnik-1024x650.jpg 1024w, https:\/\/elbmonteure-industrie.de\/wp-content\/uploads\/2024\/12\/EMS-Industrie_Elektrotechnik-300x190.jpg 300w, https:\/\/elbmonteure-industrie.de\/wp-content\/uploads\/2024\/12\/EMS-Industrie_Elektrotechnik-768x488.jpg 768w, https:\/\/elbmonteure-industrie.de\/wp-content\/uploads\/2024\/12\/EMS-Industrie_Elektrotechnik-1536x975.jpg 1536w, https:\/\/elbmonteure-industrie.de\/wp-content\/uploads\/2024\/12\/EMS-Industrie_Elektrotechnik.jpg 1750w\" sizes=\"(max-width: 800px) 100vw, 800px\" \/>\t\t\t\t\t\t\t\t\t\t\t\t\t\t\t<\/div>\n\t\t\t\t<\/div>\n\t\t\t\t<div class=\"elementor-element elementor-element-fddba32 elementor-widget elementor-widget-image\" data-id=\"fddba32\" data-element_type=\"widget\" data-e-type=\"widget\" data-widget_type=\"image.default\">\n\t\t\t\t<div class=\"elementor-widget-container\">\n\t\t\t\t\t\t\t\t\t\t\t\t\t\t\t<img decoding=\"async\" width=\"1750\" height=\"1111\" src=\"https:\/\/elbmonteure-industrie.de\/wp-content\/uploads\/2024\/12\/EMS-Industrie_Maschinenbau.jpg\" class=\"attachment-full size-full wp-image-376\" alt=\"\" srcset=\"https:\/\/elbmonteure-industrie.de\/wp-content\/uploads\/2024\/12\/EMS-Industrie_Maschinenbau.jpg 1750w, https:\/\/elbmonteure-industrie.de\/wp-content\/uploads\/2024\/12\/EMS-Industrie_Maschinenbau-300x190.jpg 300w, https:\/\/elbmonteure-industrie.de\/wp-content\/uploads\/2024\/12\/EMS-Industrie_Maschinenbau-1024x650.jpg 1024w, https:\/\/elbmonteure-industrie.de\/wp-content\/uploads\/2024\/12\/EMS-Industrie_Maschinenbau-768x488.jpg 768w, https:\/\/elbmonteure-industrie.de\/wp-content\/uploads\/2024\/12\/EMS-Industrie_Maschinenbau-1536x975.jpg 1536w\" sizes=\"(max-width: 1750px) 100vw, 1750px\" \/>\t\t\t\t\t\t\t\t\t\t\t\t\t\t\t<\/div>\n\t\t\t\t<\/div>\n\t\t\t\t<div class=\"elementor-element elementor-element-fa3ea25 elementor-widget elementor-widget-image\" data-id=\"fa3ea25\" data-element_type=\"widget\" data-e-type=\"widget\" data-widget_type=\"image.default\">\n\t\t\t\t<div class=\"elementor-widget-container\">\n\t\t\t\t\t\t\t\t\t\t\t\t\t\t\t<img decoding=\"async\" width=\"800\" height=\"508\" src=\"https:\/\/elbmonteure-industrie.de\/wp-content\/uploads\/2024\/12\/EMS-Industrie_Installationstechnik1-1024x650.jpg\" class=\"attachment-large size-large wp-image-377\" alt=\"\" srcset=\"https:\/\/elbmonteure-industrie.de\/wp-content\/uploads\/2024\/12\/EMS-Industrie_Installationstechnik1-1024x650.jpg 1024w, https:\/\/elbmonteure-industrie.de\/wp-content\/uploads\/2024\/12\/EMS-Industrie_Installationstechnik1-300x190.jpg 300w, https:\/\/elbmonteure-industrie.de\/wp-content\/uploads\/2024\/12\/EMS-Industrie_Installationstechnik1-768x488.jpg 768w, https:\/\/elbmonteure-industrie.de\/wp-content\/uploads\/2024\/12\/EMS-Industrie_Installationstechnik1-1536x975.jpg 1536w, https:\/\/elbmonteure-industrie.de\/wp-content\/uploads\/2024\/12\/EMS-Industrie_Installationstechnik1.jpg 1750w\" sizes=\"(max-width: 800px) 100vw, 800px\" \/>\t\t\t\t\t\t\t\t\t\t\t\t\t\t\t<\/div>\n\t\t\t\t<\/div>\n\t\t\t\t<\/div>\n\t\t\t\t<div class=\"elementor-element elementor-element-a7fc94e elementor-widget elementor-widget-heading\" data-id=\"a7fc94e\" data-element_type=\"widget\" data-e-type=\"widget\" data-widget_type=\"heading.default\">\n\t\t\t\t<div class=\"elementor-widget-container\">\n\t\t\t\t\t<h3 class=\"elementor-heading-title elementor-size-default\"><b><span style=\"font-size: 16px;letter-spacing: normal;text-align: left;text-transform: none\">Du m\u00f6chtest deine Karriere vorantreiben und deine Expertise in anspruchsvollen Projekten einbringen?<\/span><\/b><\/h3>\t\t\t\t<\/div>\n\t\t\t\t<\/div>\n\t\t\t\t<div class=\"elementor-element elementor-element-886d044 elementor-widget elementor-widget-text-editor\" data-id=\"886d044\" data-element_type=\"widget\" data-e-type=\"widget\" data-widget_type=\"text-editor.default\">\n\t\t\t\t<div class=\"elementor-widget-container\">\n\t\t\t\t\t\t\t\t\t<p>Bei Elbmonteure Industrie GmbH bieten wir dir die Gelegenheit, Teil eines dynamischen Teams von Fachkr\u00e4ften zu werden. Wir sch\u00e4tzen Engagement, Kompetenz und Leidenschaft f\u00fcr das Handwerk. Gestalte mit uns die Zukunft der Industrie und wachse gemeinsam mit uns \u00fcber dich hinaus.<\/p>\t\t\t\t\t\t\t\t<\/div>\n\t\t\t\t<\/div>\n\t\t<div class=\"elementor-element elementor-element-7ad9728 e-grid e-con-full e-con e-child\" data-id=\"7ad9728\" data-element_type=\"container\" data-e-type=\"container\">\n\t\t\t\t<div class=\"elementor-element elementor-element-d6149eb elementor-view-default elementor-position-block-start elementor-mobile-position-block-start elementor-widget elementor-widget-icon-box\" data-id=\"d6149eb\" data-element_type=\"widget\" data-e-type=\"widget\" data-widget_type=\"icon-box.default\">\n\t\t\t\t<div class=\"elementor-widget-container\">\n\t\t\t\t\t\t\t<div class=\"elementor-icon-box-wrapper\">\n\n\t\t\t\t\t\t<div class=\"elementor-icon-box-icon\">\n\t\t\t\t<span  class=\"elementor-icon\">\n\t\t\t\t<svg aria-hidden=\"true\" class=\"e-font-icon-svg e-fas-phone-alt\" viewBox=\"0 0 512 512\" xmlns=\"http:\/\/www.w3.org\/2000\/svg\"><path d=\"M497.39 361.8l-112-48a24 24 0 0 0-28 6.9l-49.6 60.6A370.66 370.66 0 0 1 130.6 204.11l60.6-49.6a23.94 23.94 0 0 0 6.9-28l-48-112A24.16 24.16 0 0 0 122.6.61l-104 24A24 24 0 0 0 0 48c0 256.5 207.9 464 464 464a24 24 0 0 0 23.4-18.6l24-104a24.29 24.29 0 0 0-14.01-27.6z\"><\/path><\/svg>\t\t\t\t<\/span>\n\t\t\t<\/div>\n\t\t\t\n\t\t\t\t\t\t<div class=\"elementor-icon-box-content\">\n\n\t\t\t\t\t\t\t\t\t<h4 class=\"elementor-icon-box-title\">\n\t\t\t\t\t\t<span  >\n\t\t\t\t\t\t\tDirekter Kontakt\t\t\t\t\t\t<\/span>\n\t\t\t\t\t<\/h4>\n\t\t\t\t\n\t\t\t\t\t\t\t\t\t<p class=\"elementor-icon-box-description\">\n\t\t\t\t\t\tDeine Bewerbung erreicht direkt unsere Personalabteilung\t\t\t\t\t<\/p>\n\t\t\t\t\n\t\t\t<\/div>\n\t\t\t\n\t\t<\/div>\n\t\t\t\t\t\t<\/div>\n\t\t\t\t<\/div>\n\t\t\t\t<div class=\"elementor-element elementor-element-a717b21 elementor-view-default elementor-position-block-start elementor-mobile-position-block-start elementor-widget elementor-widget-icon-box\" data-id=\"a717b21\" data-element_type=\"widget\" data-e-type=\"widget\" data-widget_type=\"icon-box.default\">\n\t\t\t\t<div class=\"elementor-widget-container\">\n\t\t\t\t\t\t\t<div class=\"elementor-icon-box-wrapper\">\n\n\t\t\t\t\t\t<div class=\"elementor-icon-box-icon\">\n\t\t\t\t<span  class=\"elementor-icon\">\n\t\t\t\t<svg aria-hidden=\"true\" class=\"e-font-icon-svg e-far-lightbulb\" viewBox=\"0 0 352 512\" xmlns=\"http:\/\/www.w3.org\/2000\/svg\"><path d=\"M176 80c-52.94 0-96 43.06-96 96 0 8.84 7.16 16 16 16s16-7.16 16-16c0-35.3 28.72-64 64-64 8.84 0 16-7.16 16-16s-7.16-16-16-16zM96.06 459.17c0 3.15.93 6.22 2.68 8.84l24.51 36.84c2.97 4.46 7.97 7.14 13.32 7.14h78.85c5.36 0 10.36-2.68 13.32-7.14l24.51-36.84c1.74-2.62 2.67-5.7 2.68-8.84l.05-43.18H96.02l.04 43.18zM176 0C73.72 0 0 82.97 0 176c0 44.37 16.45 84.85 43.56 115.78 16.64 18.99 42.74 58.8 52.42 92.16v.06h48v-.12c-.01-4.77-.72-9.51-2.15-14.07-5.59-17.81-22.82-64.77-62.17-109.67-20.54-23.43-31.52-53.15-31.61-84.14-.2-73.64 59.67-128 127.95-128 70.58 0 128 57.42 128 128 0 30.97-11.24 60.85-31.65 84.14-39.11 44.61-56.42 91.47-62.1 109.46a47.507 47.507 0 0 0-2.22 14.3v.1h48v-.05c9.68-33.37 35.78-73.18 52.42-92.16C335.55 260.85 352 220.37 352 176 352 78.8 273.2 0 176 0z\"><\/path><\/svg>\t\t\t\t<\/span>\n\t\t\t<\/div>\n\t\t\t\n\t\t\t\t\t\t<div class=\"elementor-icon-box-content\">\n\n\t\t\t\t\t\t\t\t\t<h4 class=\"elementor-icon-box-title\">\n\t\t\t\t\t\t<span  >\n\t\t\t\t\t\t\tIndividuelle Chancen\t\t\t\t\t\t<\/span>\n\t\t\t\t\t<\/h4>\n\t\t\t\t\n\t\t\t\t\t\t\t\t\t<p class=\"elementor-icon-box-description\">\n\t\t\t\t\t\tWir pr\u00fcfen passende Einsatzm\u00f6glichkeiten f\u00fcr dich\t\t\t\t\t<\/p>\n\t\t\t\t\n\t\t\t<\/div>\n\t\t\t\n\t\t<\/div>\n\t\t\t\t\t\t<\/div>\n\t\t\t\t<\/div>\n\t\t\t\t<div class=\"elementor-element elementor-element-b41060f elementor-view-default elementor-position-block-start elementor-mobile-position-block-start elementor-widget elementor-widget-icon-box\" data-id=\"b41060f\" data-element_type=\"widget\" data-e-type=\"widget\" data-widget_type=\"icon-box.default\">\n\t\t\t\t<div class=\"elementor-widget-container\">\n\t\t\t\t\t\t\t<div class=\"elementor-icon-box-wrapper\">\n\n\t\t\t\t\t\t<div class=\"elementor-icon-box-icon\">\n\t\t\t\t<span  class=\"elementor-icon\">\n\t\t\t\t<svg aria-hidden=\"true\" class=\"e-font-icon-svg e-fas-long-arrow-alt-up\" viewBox=\"0 0 256 512\" xmlns=\"http:\/\/www.w3.org\/2000\/svg\"><path d=\"M88 166.059V468c0 6.627 5.373 12 12 12h56c6.627 0 12-5.373 12-12V166.059h46.059c21.382 0 32.09-25.851 16.971-40.971l-86.059-86.059c-9.373-9.373-24.569-9.373-33.941 0l-86.059 86.059c-15.119 15.119-4.411 40.971 16.971 40.971H88z\"><\/path><\/svg>\t\t\t\t<\/span>\n\t\t\t<\/div>\n\t\t\t\n\t\t\t\t\t\t<div class=\"elementor-icon-box-content\">\n\n\t\t\t\t\t\t\t\t\t<h4 class=\"elementor-icon-box-title\">\n\t\t\t\t\t\t<span  >\n\t\t\t\t\t\t\tZukunftsperspektiven\t\t\t\t\t\t<\/span>\n\t\t\t\t\t<\/h4>\n\t\t\t\t\n\t\t\t\t\t\t\t\t\t<p class=\"elementor-icon-box-description\">\n\t\t\t\t\t\tWerde Teil unseres Talentpools f\u00fcr zuk\u00fcnftige Projekte\t\t\t\t\t<\/p>\n\t\t\t\t\n\t\t\t<\/div>\n\t\t\t\n\t\t<\/div>\n\t\t\t\t\t\t<\/div>\n\t\t\t\t<\/div>\n\t\t\t\t<\/div>\n\t\t\t\t<\/div>\n\t\t\t\t<\/div>\n\t\t<div class=\"elementor-element elementor-element-eced87f e-con-full e-flex e-con e-child\" data-id=\"eced87f\" data-element_type=\"container\" data-e-type=\"container\">\n\t\t\t\t<div class=\"elementor-element elementor-element-7e2e08c elementor-widget elementor-widget-heading\" data-id=\"7e2e08c\" data-element_type=\"widget\" data-e-type=\"widget\" data-widget_type=\"heading.default\">\n\t\t\t\t<div class=\"elementor-widget-container\">\n\t\t\t\t\t<h2 class=\"elementor-heading-title elementor-size-default\">Aktuelle Stellenangebote<\/h2>\t\t\t\t<\/div>\n\t\t\t\t<\/div>\n\t\t<div class=\"elementor-element elementor-element-6c5c0a7 e-con-full e-flex e-con e-child\" data-id=\"6c5c0a7\" data-element_type=\"container\" data-e-type=\"container\">\n\t\t\t\t<div class=\"elementor-element elementor-element-a976fd5 elementor-widget elementor-widget-wpjmc-jobs\" data-id=\"a976fd5\" data-element_type=\"widget\" data-e-type=\"widget\" data-widget_type=\"wpjmc-jobs.default\">\n\t\t\t\t<div class=\"elementor-widget-container\">\n\t\t\t\t\t<style>.elementor-element-a976fd5 .job_filters .search_submit {display: none !important;} .elementor-element-a976fd5 .job_filters .search_remote_position {display: none !important;} .elementor-element-a976fd5 .job_filters .job_types {display: block !important;} .elementor-element-a976fd5 .rp4wp-related-job_listing>ul li.job_listing a img.company_logo, .rp4wp-related-job_listing>ul li.no_job_listings_found a img.company_logo, ul.job_listings li.job_listing a img.company_logo, ul.job_listings li.no_job_listings_found a img.company_logo {display: none !important;} .elementor-element-a976fd5 .rp4wp-related-job_listing>ul li.job_listing a div.position .company, .rp4wp-related-job_listing>ul li.no_job_listings_found a div.position .company, ul.job_listings li.job_listing a div.position .company, ul.job_listings li.no_job_listings_found a div.position .company {display: none !important;} .elementor-element-a976fd5 .rp4wp-related-job_listing>ul li.job_listing a div.location, .rp4wp-related-job_listing>ul li.no_job_listings_found a div.location, ul.job_listings li.job_listing a div.location, ul.job_listings li.no_job_listings_found a div.location {display: block !important;} .elementor-element-a976fd5 .rp4wp-related-job_listing>ul li.job_listing a .meta, .rp4wp-related-job_listing>ul li.no_job_listings_found a .meta, ul.job_listings li.job_listing a .meta, ul.job_listings li.no_job_listings_found a .meta {display: block !important;} .elementor-element-a976fd5 .job_filters .showing_jobs {display: none !important;} .elementor-element-a976fd5 .job_filters .showing_jobs a.rss_link {display: none !important;} .elementor-element-a976fd5 .job_filters .search_jobs input, .elementor-element-a976fd5 .job_filters .search_jobs select {outline: none}<\/style><div class=\"job_listings\" data-location=\"\" data-keywords=\"\" data-show_filters=\"true\" data-show_pagination=\"true\" data-per_page=\"10\" data-orderby=\"date\" data-order=\"desc\" data-categories=\"\" data-disable-form-state-storage=\"\" data-featured_first=\"false\" data-featured=\"false\" data-filled=\"false\" data-post_status=\"publish\" data-post_id=\"10\" >\n<form class=\"job_filters\">\n\t\n\t<div class=\"search_jobs\">\n\t\t\n\t\t<div class=\"search_keywords\">\n\t\t\t<label for=\"search_keywords\">Stichw\u00f6rter<\/label>\n\t\t\t<input type=\"text\" name=\"search_keywords\" id=\"search_keywords\" placeholder=\"Stichw\u00f6rter\" value=\"\" \/>\n\t\t<\/div>\n\n\t\t<div class=\"search_location\">\n\t\t\t<label for=\"search_location\">Ort<\/label>\n\t\t\t<input type=\"text\" name=\"search_location\" id=\"search_location\" placeholder=\"Ort\" value=\"\" \/>\n\t\t<\/div>\n\n\t\t\t\t\t<div class=\"search_remote_position\">\n\t\t\t\t<input type=\"checkbox\" class=\"input-checkbox\" name=\"remote_position\" id=\"remote_position\" placeholder=\"Ort\" value=\"1\"  \/>\n\t\t\t\t<label for=\"remote_position\" id=\"remote_position_label\">Remote positions only<\/label>\n\t\t\t<\/div>\n\t\t\n\t\t<div style=\"clear: both\"><\/div>\n\n\t\t\n\t\t\t\t\t<div class=\"search_submit\">\n\t\t\t\t<input type=\"submit\" value=\"Search Jobs\">\n\t\t\t<\/div>\n\t\t\n\t\t\t<\/div>\n\n\t\t<ul class=\"job_types\">\n\t\t\t\t\t<li><label for=\"job_type_elektrotechnik\" class=\"elektrotechnik\"><input type=\"checkbox\" name=\"filter_job_type[]\" value=\"elektrotechnik\"  checked='checked' id=\"job_type_elektrotechnik\" \/> Elektrotechnik<\/label><\/li>\n\t\t\t\t\t<li><label for=\"job_type_installationstechnik\" class=\"installationstechnik\"><input type=\"checkbox\" name=\"filter_job_type[]\" value=\"installationstechnik\"  checked='checked' id=\"job_type_installationstechnik\" \/> Installationstechnik<\/label><\/li>\n\t\t\t\t\t<li><label for=\"job_type_maschinenbau\" class=\"maschinenbau\"><input type=\"checkbox\" name=\"filter_job_type[]\" value=\"maschinenbau\"  checked='checked' id=\"job_type_maschinenbau\" \/> Maschinenbau<\/label><\/li>\n\t\t\t<\/ul>\n\t<input type=\"hidden\" name=\"filter_job_type[]\" value=\"\" \/>\n<div class=\"showing_jobs\"><\/div><\/form>\n\n\n<noscript>Your browser does not support JavaScript, or it is disabled. JavaScript must be enabled in order to view listings.<\/noscript>\n<ul class=\"job_listings\">\n<\/ul>\n<\/div>\t\t\t\t<\/div>\n\t\t\t\t<\/div>\n\t\t\t\t<\/div>\n\t\t\t\t<\/div>\n\t\t\t\t\t<\/div>\n\t\t\t\t<\/div>\n\t\t<div class=\"elementor-element elementor-element-601fb40 e-flex e-con-boxed e-con e-parent\" data-id=\"601fb40\" data-element_type=\"container\" data-e-type=\"container\">\n\t\t\t\t\t<div class=\"e-con-inner\">\n\t\t\t\t\t<\/div>\n\t\t\t\t<\/div>\n\t\t<div class=\"elementor-element elementor-element-3b6d28c e-con-full e-flex e-con e-parent\" data-id=\"3b6d28c\" data-element_type=\"container\" data-e-type=\"container\">\n\t\t\t\t<div class=\"elementor-element elementor-element-ceb15d5 elementor-cta--skin-cover elementor-cta--valign-middle elementor-bg-transform elementor-bg-transform-zoom-out elementor-animated-content elementor-widget elementor-widget-call-to-action\" data-id=\"ceb15d5\" data-element_type=\"widget\" data-e-type=\"widget\" data-widget_type=\"call-to-action.default\">\n\t\t\t\t<div class=\"elementor-widget-container\">\n\t\t\t\t\t\t\t<div class=\"elementor-cta\">\n\t\t\t\t\t<div class=\"elementor-cta__bg-wrapper\">\n\t\t\t\t<div class=\"elementor-cta__bg elementor-bg\" style=\"background-image: url(https:\/\/elbmonteure-industrie.de\/wp-content\/uploads\/2024\/12\/dvs.jpg);\" role=\"img\" aria-label=\"dvs\"><\/div>\n\t\t\t\t<div class=\"elementor-cta__bg-overlay\"><\/div>\n\t\t\t<\/div>\n\t\t\t\t\t\t\t<div class=\"elementor-cta__content\">\n\t\t\t\t\n\t\t\t\t\t\t\t\t\t<h2 class=\"elementor-cta__title elementor-cta__content-item elementor-content-item elementor-animated-item--grow\">\n\t\t\t\t\t\tKeine passende Stelle gefunden?\t\t\t\t\t<\/h2>\n\t\t\t\t\n\t\t\t\t\n\t\t\t\t\t\t\t\t\t<div class=\"elementor-cta__button-wrapper elementor-cta__content-item elementor-content-item elementor-animated-item--grow\">\n\t\t\t\t\t<a class=\"elementor-cta__button elementor-button elementor-size-\" href=\"https:\/\/elbmonteure-industrie.de\/index.php\/initiativbewerbung\/\">\n\t\t\t\t\t\tInitiativbewerbung senden\t\t\t\t\t<\/a>\n\t\t\t\t\t<\/div>\n\t\t\t\t\t\t\t<\/div>\n\t\t\t\t\t\t<\/div>\n\t\t\t\t\t\t<\/div>\n\t\t\t\t<\/div>\n\t\t\t\t<\/div>\n\t\t<div class=\"elementor-element elementor-element-731c449 e-flex e-con-boxed e-con e-parent\" data-id=\"731c449\" data-element_type=\"container\" data-e-type=\"container\">\n\t\t\t\t\t<div class=\"e-con-inner\">\n\t\t\t\t<div class=\"elementor-element elementor-element-831a574 elementor-widget elementor-widget-wpjmc-edit-job-form\" data-id=\"831a574\" data-element_type=\"widget\" data-e-type=\"widget\" data-widget_type=\"wpjmc-edit-job-form.default\">\n\t\t\t\t<div class=\"elementor-widget-container\">\n\t\t\t\t\t\n\t\t<div class=\"job_listing_preview_title\">\n\t\t\t<h2>Edit Job<\/h2>\n\t\t<\/div>\n\n\t\t<div class=\"job_listing_preview single_job_listing\">\n\n\t\t\t<form action=\"\/index.php\/wp-json\/wp\/v2\/pages\/10\" method=\"post\" id=\"submit-job-form\" class=\"job-manager-form\" enctype=\"multipart\/form-data\">\n\n\t\n\t\n\t\n\t\t\t<fieldset class=\"fieldset-login_required\">\n\t\t<label>Have an account?<\/label>\n\t\t<div class=\"field account-sign-in\">\n\t\t\t<a class=\"button\" href=\"https:\/\/elbmonteure-industrie.de\/wp-login.php?redirect_to=https%3A%2F%2Felbmonteure-industrie.de%2Findex.php%2Fkarriere%2F\">Sign in<\/a>\n\n\t\t\t\n\t\t\t\tYou must sign in to create a new listing.\n\t\t\t\t\t<\/div>\n\t<\/fieldset>\n\t\n\t\n\t\n\t\t\n\t<\/form>\n\n\t\t<\/div>\n\n\t\t\t\t\t\t<\/div>\n\t\t\t\t<\/div>\n\t\t\t\t\t<\/div>\n\t\t\t\t<\/div>\n\t\t<div class=\"elementor-element elementor-element-3529978 e-flex e-con-boxed e-con e-parent\" data-id=\"3529978\" data-element_type=\"container\" data-e-type=\"container\">\n\t\t\t\t\t<div class=\"e-con-inner\">\n\t\t\t\t\t<\/div>\n\t\t\t\t<\/div>\n\t\t<div class=\"elementor-element elementor-element-2111ecb e-flex e-con-boxed e-con e-parent\" data-id=\"2111ecb\" data-element_type=\"container\" data-e-type=\"container\">\n\t\t\t\t\t<div class=\"e-con-inner\">\n\t\t\t\t\t<\/div>\n\t\t\t\t<\/div>\n\t\t\t\t<\/div>\n\t\t","protected":false},"excerpt":{"rendered":"<p>Elbmonteure Industrie Gestalte deine Zukunft mit uns Spannende Karrierem\u00f6glichkeiten in Elektrotechnik, Maschinenbau &amp; Installationstechnik Aktuelle Stellenangebote Werde Teil unseres Expertenteams Du m\u00f6chtest deine Karriere vorantreiben und deine Expertise in anspruchsvollen Projekten einbringen? Bei Elbmonteure Industrie GmbH bieten wir dir die Gelegenheit, Teil eines dynamischen Teams von Fachkr\u00e4ften zu werden. Wir sch\u00e4tzen Engagement, Kompetenz und Leidenschaft [&hellip;]<\/p>\n","protected":false},"author":1,"featured_media":0,"parent":0,"menu_order":0,"comment_status":"closed","ping_status":"closed","template":"","meta":{"footnotes":""},"class_list":["post-10","page","type-page","status-publish","hentry"],"_links":{"self":[{"href":"https:\/\/elbmonteure-industrie.de\/index.php\/wp-json\/wp\/v2\/pages\/10","targetHints":{"allow":["GET"]}}],"collection":[{"href":"https:\/\/elbmonteure-industrie.de\/index.php\/wp-json\/wp\/v2\/pages"}],"about":[{"href":"https:\/\/elbmonteure-industrie.de\/index.php\/wp-json\/wp\/v2\/types\/page"}],"author":[{"embeddable":true,"href":"https:\/\/elbmonteure-industrie.de\/index.php\/wp-json\/wp\/v2\/users\/1"}],"replies":[{"embeddable":true,"href":"https:\/\/elbmonteure-industrie.de\/index.php\/wp-json\/wp\/v2\/comments?post=10"}],"version-history":[{"count":114,"href":"https:\/\/elbmonteure-industrie.de\/index.php\/wp-json\/wp\/v2\/pages\/10\/revisions"}],"predecessor-version":[{"id":1430,"href":"https:\/\/elbmonteure-industrie.de\/index.php\/wp-json\/wp\/v2\/pages\/10\/revisions\/1430"}],"wp:attachment":[{"href":"https:\/\/elbmonteure-industrie.de\/index.php\/wp-json\/wp\/v2\/media?parent=10"}],"curies":[{"name":"wp","href":"https:\/\/api.w.org\/{rel}","templated":true}]}}